. Let d = -239 + k. What is the remainder when 133 is divided by d?
5
Let w(v) = -38*v**3 - 2*v**2 + 10*v + 30. Calculate the remainder when w(-4) is divided by 52.
50
Let u be ((-1)/(-3))/(-5 + 126/27). Calculate the remainder when ((-1524)/84)/(u/7) is divided by 43.
41
Let z = -11969 + 12682. What is the remainder when z is divided by 20?
13
Let i(b) = -76*b**3 + 3*b**2 - 111*b - 641. Calculate the remainder when i(-5) is divided by 14.
11
Let j(y) = 59*y**2 - 151*y - 152. Let g(c) = 5 + 2 - 4 - c + 3. Calculate the remainder when j(-1) is divided by g(-9).
13
Let f = 6610 - 6286. Calculate the remainder when f is divided by 179.
145
Let l be (12/15 + (-8)/10)/2. Suppose 7*z - 2*x = 2*z + 185, -5*z + 4*x + 195 = l. What is the remainder when 88 is divided by z?
18
Suppose 137290 = 110*s - 74790. What is the remainder when s is divided by 92?
88
Let l(i) be the third derivative of -i**6/120 - 17*i**5/60 - 29*i**4/24 + 9*i**3/2 - 34*i**2. What is the remainder when l(-15) is divided by 3?
0
Let r = -33517 + 34302. Calculate the remainder when r is divided by 50.
35
Suppose 4*n - 2*w + 4 = 0, -3*n - 4*w - 5 = 2*n. Calculate the remainder when 20 is divided by 1 - 3 - (4/n - 3).
0
Let o(x) = -x**3 + 10*x**2 + 26*x - 25. Let d be o(11). Let l = -13 - -21. Suppose -t + l*t = d. What is the remainder when 34 is divided by t?
14
Suppose 4*a - 218 = -2*s - 3*s, -3*s = a - 51. What is the remainder when 395 is divided by a?
53
Let m = 71 + -78. Let a(i) = -21*i - 141. Calculate the remainder when 51 is divided by a(m).
3
Let p = -203 + 210. Let r = 11 - 42. Let z = 49 + r. What is the remainder when z is divided by p?
4
Let p = 2407 - 2009. Calculate the remainder when p is divided by 191.
16
Let q be ((-10)/(-2) + 1)/(17 + -15). Suppose 3*x + q*m = -0*x - 42, m = 2. Let t = 14 - x. Calculate the remainder when t is divided by 11.
8
Suppose 0 = 47*u - 43*u - 192. Suppose -12*f + u = -156. What is the remainder when 50 is divided by f?
16
Let t = -70 - -97. Suppose 0 = -4*z + 21 + t. What is the remainder when 32 is divided by z?
8
Suppose -3*h + 1471 - 340 = 0. Let r = 488 - h. Let j = 47 + -18. Calculate the remainder when r is divided by j.
24
Suppose -4*x = -m + 14, m = -3*m - x + 5. Suppose 12 = -m*o + 40. Suppose 0 = 3*s + 3, -3*y + 156 + 220 = -s. Calculate the remainder when y is divided by o.
13
Suppose 4*d + 382 = 1234. Suppose 2*n = 10, 3*n = 14*y - 15*y + 42. What is the remainder when d is divided by y?
24
Let h(q) = -383*q**3 - 140*q - 140. What is the remainder when h(-1) is divided by 95?
3
Suppose -3*w - b + 2*b = 45, -w - 15 = 2*b. Let n = 29 + w. What is the remainder when 40 is divided by n?
12
Suppose -7*s + 30*s - 3*s - 47840 = 0. What is the remainder when s is divided by 42?
40
Suppose l - 2257 = -3*s, -71*s = -66*s - 13*l - 3835. Calculate the remainder when s is divided by 194.
172
Suppose 5 = -5*s - 2*v - 3*v, 5*s = -2*v + 4. Suppose 3*x + 0*x - 301 = 2*u, 0 = -x + s*u + 99. What is the remainder when x is divided by 35?
31
Let o = 221 + -191. Suppose -18 = -3*l + o. What is the remainder when 30 is divided by l?
14
Let p(h) = 17*h**2 + 176*h - 104. Calculate the remainder when 600 is divided by p(-11).
5
What is the remainder when 601 is divided by ((2 - 38)/(20/50))/(-2) - 2?
42
Let f = 1015 + -989. Suppose 2*x - 12 = -u, 3*u = 2*x - 5*x + 24. Calculate the remainder when f is divided by x.
2
Suppose -75853 + 283853 = 325*o. What is the remainder when o is divided by 8?
0
Let p = 93 + -90. Suppose p*u - 2*x = 7*u - 2020, u + 4*x = 512. Calculate the remainder when u is divided by 23.
21
Let n = 271 + -224. Let z(y) = -8*y - 51. Calculate the remainder when n is divided by z(-7).
2
Suppose -76 = -5*i - 42*j + 39*j, -i - 3*j + 32 = 0. What is the remainder when 390 is divided by i?
5
Let r(q) = 3*q - 31. Suppose -7*k + 471 - 9 = 0. Suppose k = 7*s - 32. Calculate the remainder when s is divided by r(13).
6
Suppose 18*j - 620 = 14*j + 2*u, 2*j + 5*u = 286. What is the remainder when 4588 is divided by j?
151
Suppose 688 = 71*n - 397 + 91. Calculate the remainder when 3958 is divided by n.
10
Let m = 118 + -56. Calculate the remainder when m is divided by 36/(8*((-9)/(-4) + -21 + 19)).
8
Let u = -1631 - -1808. What is the remainder when u is divided by 26?
21
Suppose 3652 = -8*p + 4020. Calculate the remainder when 1011 is divided by p.
45
Let z(h) = -416*h**3 - h**2 - 1. Let o be z(-1). Let m = 435 - o. What is the remainder when 144 is divided by m?
18
Let f(a) = 192*a + 1407. What is the remainder when 412 is divided by f(-7)?
34
Let r = 388 - 382. What is the remainder when 1089 is divided by r?
3
What is the remainder when ((-290)/(-12) - 24)*4890 is divided by 223?
146
Let q = -1061 - -1078. Calculate the remainder when 83 is divided by q.
15
Suppose o + 6*h = 374, 4*o - 902 - 686 = -h. What is the remainder when o is divided by 50?
48
Suppose -2*d - 7 = 5, -4*z = -2*d - 968. What is the remainder when 3344 is divided by z?
237
Let g(s) = 11*s**3 - 2*s**2 + 3*s - 2. Let b be g(1). Suppose -b = 5*k - 40. Calculate the remainder when 2 - 84/(-9) - 2/6 is divided by k.
5
Let h = 5 - 92. Calculate the remainder when (1 + -12)/(29/h) is divided by 12.
9
Let h = 1212 + -1204. Let z = -2775 - -1183. What is the remainder when z/(-36) + (-2)/9 is divided by h?
4
Calculate the remainder when 740 is divided by 100*(141/(-940) + 3/4) + 2.
58
Suppose 5*x = -3*t + 741, -853*t - 4*x = -850*t - 738. What is the remainder when t is divided by 23?
12
Let n = -401 + 625. Let s = 151 - n. Calculate the remainder when 109 is divided by (-13)/(-26) + 0 + s/(-2).
35
Suppose -a - 5*q - 22 = 0, q = a + 2*a - 14. Let k = -84 - -156. Suppose c - 5*c = h - k, a*h + 12 = 0. Calculate the remainder when c is divided by 3.
1
Suppose b + 2*x - 86 = -3*b, -5*x = 25. Let p = 28 - b. Suppose t + u = 5*u + 68, -t - p*u = -28. Calculate the remainder when t is divided by 17.
14
Let n(a) = 3*a**2 + 6*a. Let o be n(-4). Let p be (-2)/13 - -4*60/39. Calculate the remainder when 103 is divided by ((-26)/(-4))/(p/o).
25
Let l be (-23)/(-92) + 3169/(-4). Let r = -714 - l. What is the remainder when r is divided by 24?
6
Calculate the remainder when (20 + -9 - 5) + 1033/1 is divided by 65.
64
Let t(n) = 11*n - 8. Let c be t(-25). Let s = -267 - c. Calculate the remainder when 35 is divided by s.
3
Let a = -87 + 221. Suppose -4*b = a - 354. Calculate the remainder when 215 is divided by b.
50
Let a = -5 - 10. Let k be 1/((-5)/a) - 7. Let j(b) = -b**3 - 5*b**2 - 6*b - 1. Calculate the remainder when j(k) is divided by 3.
1
Suppose z + z = 2, -4*z = -3*b + 185. What is the remainder when 11/(-6 + 381/b) is divided by 29?
28
What is the remainder when 39975/675 - ((-50)/18 + 3) is divided by 9?
5
Calculate the remainder when 328 is divided by 1150/12 + -2*(-12 - -18)/(-72).
40
Suppose 566*m - 1792 = 558*m. What is the remainder when 873 is divided by m?
201
Calculate the remainder when 3020/16 - (-18 + 14 - 38/(-8)) is divided by 43.
16
Let d = 178 - 112. Let b = d - -26. What is the remainder when b is divided by 49?
43
Let r(m) = 96*m**2 + 20*m + 21. What is the remainder when 277 is divided by r(-1)?
83
Suppose 2*v + 39 + 59 = 0. Let s be (-2093)/v - 2/(-7). Let j = 53 - s. Calculate the remainder when j is divided by 6.
4
Let n be 1228/5 - (21/35 - 1). Suppose 0 = -13*f + n - 25. Calculate the remainder when 91 is divided by f.
6
Suppose -3091 + 231 = -44*h. Calculate the remainder when 114 is divided by h.
49
Suppose 0*v + 61 = 4*l + 5*v, 3*l = -4*v + 45. Let t(z) = 3*z + 1. Let o be t(-15). Let c = -33 - o. What is the remainder when l is divided by c?
8
Let v = 3 + 152. Let p(y) = 111*y - 2875. Calculate the remainder when v is divided by p(26).
1
Suppose -3*z + 19*m + 152 = 17*m, -2*z + m = -103. Calculate the remainder when 3239 is divided by z.
53
Suppose 126 = 5*d + 3*j + 18, 4*d + j - 92 = 0. Let i(m) = 2*m**2 - 11*m - 13. What is the remainder when i(10) is divided by d?
5
Let g = -22316 - -22392. What is the remainder when 1792 is divided by g?
44
Suppose -1363*t - 737 = -1375*t + 535. What is the remainder when t is divided by (69/(-6))/((-2)/8)?
14
Suppose 4*s + 5 = 25. Suppose l - 55 = -5*x + 45, s = l. Suppose 0 = -w + h - 6*h + 6, -h = 4*w - 2